ommon factor of d and o?
6
Let m(p) = 3 - 5 + 4*p - 3 + p - p**2. Let b be m(3). Calculate the highest common factor of b and 4.
1
Let l = -792 + 867. Calculate the highest common divisor of 285 and l.
15
Let g be (3/6)/1*0. Suppose k = -1, g*k - 32 = -m - k. Suppose -136*n + 2242 + 2787 = -955. What is the highest common factor of m and n?
11
Suppose 2*d - 2*o - 4 = 0, 3*d = -4*o - o + 22. What is the greatest common divisor of d and 356?
4
Let j(i) = 126*i - 6794. Let x be j(54). Calculate the highest common factor of 295 and x.
5
Let f(g) = 31*g + 4. Let i be f(0). Calculate the highest common divisor of i and 90.
2
Let r be (220/(-5))/(-2)*2. Let h = r - -26. Calculate the highest common factor of h and 50.
10
Let r(o) = 88*o + 145. Let s be r(6). Suppose 0*u + 4*k - s = -5*u, -u = -k - 131. What is the highest common divisor of 38 and u?
19
Let k be (2 + (26 - -329))*(-3 + 4). What is the highest common divisor of k and 4335?
51
Let x = 14755 + -14296. Calculate the highest common divisor of 1323 and x.
27
Let d be 306/(-51) + 1 + 585. What is the greatest common factor of d and 1044?
116
Let q be (4 - (1 - -2))*43. Suppose u - 97 = -q. Let j = u + 21. Calculate the highest common divisor of j and 30.
15
Let t be (-9)/24*2/1*68. Let a = t + 47. Let f be 16/(a/(-1)) - -19. What is the greatest common factor of f and 23?
23
Suppose 0*g - 2*q = -g + 44, 126 = 3*g - 3*q. Let a = -9998 + 10028. What is the highest common divisor of g and a?
10
Suppose -l + 20*k + 56 = 17*k, -4*l - 5*k + 190 = 0. Let r be 93 + 3 + (-30)/5. Calculate the highest common divisor of l and r.
10
Suppose -25*o - 3*o + 17600 = -12*o. Calculate the highest common divisor of 154 and o.
22
Suppose 4*j + 3*x = 6*j - 6, 4*j - 3*x - 6 = 0. Let w be 196/(-14)*(-1 - j). Calculate the highest common factor of 126 and w.
14
Let a be 11/(-44)*-16*305/(-2). Let n = a - -729. What is the greatest common divisor of n and 34?
17
Let t(m) = -4*m**2 + 123*m - 68. Let l be t(30). Suppose 0 = -u - 4*g - 7, -2*u + l = -2*g + g. Calculate the greatest common divisor of u and 639.
9
Let i(p) = -5*p**2 - 16*p**3 - 20*p**3 + 8 - 13*p**3 + 50*p**3. Let c be i(6). Suppose c = -6*n + 128. Calculate the greatest common factor of 7 and n.
7
Let a = 27 - 24. Let n(j) = -a + 11*j + 4 - 6. Let m be n(5). Calculate the highest common divisor of m and 25.
25
Let f(n) = -19*n + 108. Let u be f(4). Let i(j) = j**2 - 31*j - 16. Let o be i(u). Suppose 320 = 4*b - 0*b. What is the highest common divisor of b and o?
16
Let q be 16/120 + ((-27272)/(-105))/2. What is the greatest common divisor of q and 1014?
26
Let d = -4938 - -4950. What is the highest common factor of d and 4674?
6
Let u(x) = 18*x + x + 2*x + x - 14. Let n be u(3). Suppose -3*p - 4*z + 3*z = -20, 5*p - n = 3*z. Calculate the greatest common divisor of p and 40.
8
Suppose -4*m - z = 2*z + 293, -m + 4*z = 97. Let x = m + 34. Let h = x + 235. What is the greatest common divisor of 24 and h?
24
Suppose -139253 + 138709 = -2*s. What is the highest common divisor of s and 4726?
34
Suppose 33*l = 28*l + 2*d + 3477, -3*l = -d - 2087. Calculate the greatest common factor of 41 and l.
41
Let b = -54 + 72. Suppose -j - 3*j - 5*o + 119 = 0, 12 = 4*o. Let r = 62 - j. Calculate the greatest common divisor of r and b.
18
Let g be 3 - (-2 - (-6)/3). Let k be (-55 + 14)/((-10)/g - -3). Let p be (-123)/2*(-6)/9. What is the highest common factor of k and p?
41
Let g(x) = x**2 - 25*x + 136. Let o = -257 - -264. Let p be g(o). Suppose 0*d - d + 80 = 0. What is the greatest common divisor of p and d?
10
Let k = 24 - 29. Let b(h) = -h**2 - 8*h - 12. Let o be b(k). Let v be 37/(-407) - (-795)/33. Calculate the greatest common divisor of o and v.
3
Let x(a) = 155*a + 328. Let f be x(2). What is the greatest common divisor of f and 232?
58
Let h be (4 + -1)/(3/32). Let a(c) = 23*c**2 + c - 7. Let m be a(3). Suppose 6*t = m + 277. What is the highest common divisor of t and h?
16
Let v = 793 - 343. Let p be 19 + -2 - 3 - -4. What is the highest common divisor of v and p?
18
Suppose -902500 = -1318*q + 693*q. Let h = -9 + 85. What is the highest common divisor of q and h?
76
Suppose 179*c - 92*c - 82*c - 750 = 0. Calculate the highest common divisor of c and 210.
30
Suppose -5*a = -d - 3013, -a = -2*d - 167 - 441. What is the highest common divisor of a and 1?
1
Let q(d) = -3*d - 6. Let n be q(-3). Let z(i) = 39*i**3 - i**2 + 8*i - 1. Let p be z(n). Calculate the highest common factor of p and 11.
11
Suppose 2*l = b - 93, b - 93 = -14*l + 19*l. What is the greatest common divisor of 21669 and b?
93
Let k(y) = -3*y**3 + 11*y**2 - 31*y - 192. Let g be k(-8). Calculate the highest common divisor of g and 448.
56
Suppose 2*x - 16 = -4*s, 0 = 23*x - 21*x - s + 4. Suppose -3*r = 11*c - 8*c - 1215, x = 2*r + 3*c - 815. Calculate the highest common divisor of r and 80.
80
Suppose -i = -13 + 8. Suppose -i*l + 60 = -l. Let w = -2616 - -2721. What is the highest common factor of w and l?
15
Suppose -14*y + 2*z = -9*y + 748, y = -2*z - 140. Let p = y + 167. Let u = -3 - -136. Calculate the highest common factor of p and u.
19
Suppose 26*r - 217 = 225. Suppose -r*u - 966 = -40*u. Calculate the highest common divisor of u and 399.
21
Let z = -223 - -225. Suppose 0 = -3*i - n + 1445, -i + n = z*n - 483. What is the greatest common factor of 37 and i?
37
Let t(i) = -i**3 + 163*i**2 - 164*i + 382. Let k be t(162). Calculate the greatest common divisor of 6322 and k.
58
Let v = -11 + 25. Suppose u + 340 = 3*x, 4*x - x - 332 = -u. What is the highest common divisor of v and x?
14
Let v(s) = s + 7*s + 5 - 19*s + 2*s. Let l be v(0). Calculate the greatest common divisor of l and 100.
5
Let k be (-205)/615 + (-1531)/(-3). What is the highest common divisor of 210 and k?
30
Suppose 1820 = 135*v - 60*v - 55*v. Suppose 7*f - 6*f - 12 = 0. Let u = f + 1. Calculate the highest common factor of v and u.
13
Suppose -w = -1, 5*w - 149 + 459 = 3*b. Suppose o - 26 = k, 0 = -5*k - 29 + 4. What is the greatest common divisor of o and b?
21
Let s(q) = -1807*q + 356. Let a be s(-4). Calculate the highest common divisor of a and 72.
24
Let u(v) = -8*v - 29. Let m be u(-4). Let b = 247 - 219. Calculate the greatest common factor of b and m.
1
Let m be (-282)/47 + (34 - 0). Let v be 4025/m + 1*1/4. Let u = 18 + 0. What is the highest common divisor of v and u?
18
Let u be (36 + -42)*1*(-1)/(-2). Let t be 0 + u - (2 + 34*-1). Suppose 17*r + 261 = 18*r. Calculate the highest common divisor of r and t.
29
Suppose 87 = 6*z - 1269. Let h = 150 - z. Let f = 85 + h. What is the highest common factor of f and 27?
9
Suppose 10*l = -5566 + 17716. Suppose 0 = s + 14*s - l. Suppose 0*h - h - p = -9, 5*p + 9 = h. What is the highest common divisor of h and s?
9
Suppose 0 = -96*l + 425 + 1687. What is the greatest common factor of 31856 and l?
22
Let y(b) = -4*b**3 + b**2 + 3*b + 2. Let x be y(-1). Suppose x*o + 510 = 1610. Calculate the greatest common divisor of 11 and o.
11
Let r = 33 + -23. Let v be 42908/(-306) + 2/9. Let u = v - -145. What is the highest common divisor of u and r?
5
Let q = -267 + 378. Let g be ((-147)/(-12))/((-5)/(-60)). Suppose -u + g + 74 = 3*n, -3*n - 4*u + 218 = 0. Calculate the greatest common factor of n and q.
37
Let y = 16646 + -16457. What is the greatest common divisor of y and 294?
21
Suppose 3*r - 10 = 2. Suppose -5*t + r*t = -13. Let x = 36 - t. What is the highest common factor of x and 115?
23
Let i = 16170 - 15497. Calculate the highest common factor of 1 and i.
1
Let u be ((-9401)/(-14) - 3) + (-35)/14. What is the highest common factor of 90 and u?
18
Let q be 2 - (1 + 1)/(-2). Let f be 10 + 6 + (-70)/7. Suppose -4*c = -q*a - 19, 3*c + f*a = 2*a + 33. Calculate the greatest common divisor of 56 and c.
7
Let q = 309 + -307. Suppose 250 = -q*p + 306. Calculate the highest common divisor of p and 84.
28
Let f be ((-16)/(-12) - 3)/(-8 + 623995/78000). Calculate the greatest common factor of f and 5.
5
Suppose 8 = 3*q - q. Let d be q/14 - (-8991)/63. What is the highest common divisor of d and 11?
11
Let x(o) = -o**2 + 49*o + 428. Let d be x(-7). Calculate the highest common factor of 84 and d.
12
Let q = -1586 + 1632. What is the greatest common divisor of q and 2254?
46
Let